{"id":120,"date":"2020-08-06T15:01:39","date_gmt":"2020-08-06T13:01:39","guid":{"rendered":"http:\/\/avermiddig.spdns.eu\/wordpress\/?page_id=120"},"modified":"2020-08-06T15:20:28","modified_gmt":"2020-08-06T13:20:28","slug":"wahlbezirk-8-bad-sassendorf-v","status":"publish","type":"page","link":"https:\/\/gruene-bad-sassendorf.de\/index.php\/ueber-uns\/wahlbezirk-8-bad-sassendorf-v\/","title":{"rendered":"Wahlbezirk 8 Bad Sassendorf V"},"content":{"rendered":"\n<p class=\"has-medium-font-size\">Stimmbezirk 81 Mehrgenerationenhaus &#8211; Saal rechts<\/p>\n\n\n\n<p>Am Haullenbach, An der Rosenau, Auf dem Kampe, Bahnhofstra\u00dfe, Birkenweg, Im Gr\u00fcnen Winkel, Lerchensteg, Sch\u00fctzenstra\u00dfe, Viktoriastra\u00dfe<\/p>\n","protected":false},"excerpt":{"rendered":"<p>Stimmbezirk 81 Mehrgenerationenhaus &#8211; Saal rechts Am Haullenbach, An der Rosenau, Auf dem Kampe, Bahnhofstra\u00dfe, Birkenweg, Im Gr\u00fcnen Winkel, Lerchensteg, Sch\u00fctzenstra\u00dfe, Viktoriastra\u00dfe<\/p>\n","protected":false},"author":1,"featured_media":0,"parent":8,"menu_order":0,"comment_status":"closed","ping_status":"closed","template":"","meta":{"footnotes":""},"class_list":["post-120","page","type-page","status-publish","hentry"],"_links":{"self":[{"href":"https:\/\/gruene-bad-sassendorf.de\/index.php\/wp-json\/wp\/v2\/pages\/120","targetHints":{"allow":["GET"]}}],"collection":[{"href":"https:\/\/gruene-bad-sassendorf.de\/index.php\/wp-json\/wp\/v2\/pages"}],"about":[{"href":"https:\/\/gruene-bad-sassendorf.de\/index.php\/wp-json\/wp\/v2\/types\/page"}],"author":[{"embeddable":true,"href":"https:\/\/gruene-bad-sassendorf.de\/index.php\/wp-json\/wp\/v2\/users\/1"}],"replies":[{"embeddable":true,"href":"https:\/\/gruene-bad-sassendorf.de\/index.php\/wp-json\/wp\/v2\/comments?post=120"}],"version-history":[{"count":1,"href":"https:\/\/gruene-bad-sassendorf.de\/index.php\/wp-json\/wp\/v2\/pages\/120\/revisions"}],"predecessor-version":[{"id":121,"href":"https:\/\/gruene-bad-sassendorf.de\/index.php\/wp-json\/wp\/v2\/pages\/120\/revisions\/121"}],"up":[{"embeddable":true,"href":"https:\/\/gruene-bad-sassendorf.de\/index.php\/wp-json\/wp\/v2\/pages\/8"}],"wp:attachment":[{"href":"https:\/\/gruene-bad-sassendorf.de\/index.php\/wp-json\/wp\/v2\/media?parent=120"}],"curies":[{"name":"wp","href":"https:\/\/api.w.org\/{rel}","templated":true}]}}

<p class="has-medium-font-size">Stimmbezirk 81 Mehrgenerationenhaus &#8211; Saal rechts</p>



<p>Am Haullenbach, An der Rosenau, Auf dem Kampe, Bahnhofstraße, Birkenweg, Im Grünen Winkel, Lerchensteg, Schützenstraße, Viktoriastraße</p>

<p>Stimmbezirk 81 Mehrgenerationenhaus &#8211; Saal rechts Am Haullenbach, An der Rosenau, Auf dem Kampe, Bahnhofstraße, Birkenweg, Im Grünen Winkel, Lerchensteg, Schützenstraße, Viktoriastraße</p>
