{"id":196,"date":"2020-08-18T09:58:02","date_gmt":"2020-08-18T07:58:02","guid":{"rendered":"https:\/\/gruene-bad-sassendorf.de\/?page_id=196"},"modified":"2023-03-31T11:05:49","modified_gmt":"2023-03-31T09:05:49","slug":"mirko-deichmann","status":"publish","type":"page","link":"https:\/\/gruene-bad-sassendorf.de\/index.php\/ueber-uns\/ratsmitglieder-sachkundige-buergerinnen\/mirko-deichmann\/","title":{"rendered":"Mirko Deichmann"},"content":{"rendered":"\n<figure class=\"wp-block-image size-large\"><img loading=\"lazy\" decoding=\"async\" width=\"800\" height=\"800\" src=\"https:\/\/gruene-bad-sassendorf.de\/wp-content\/uploads\/2021\/05\/Mirko-Deichmann-800x800.jpg\" alt=\"\" class=\"wp-image-355\" srcset=\"https:\/\/gruene-bad-sassendorf.de\/wp-content\/uploads\/2021\/05\/Mirko-Deichmann-800x800.jpg 800w, https:\/\/gruene-bad-sassendorf.de\/wp-content\/uploads\/2021\/05\/Mirko-Deichmann-400x400.jpg 400w, https:\/\/gruene-bad-sassendorf.de\/wp-content\/uploads\/2021\/05\/Mirko-Deichmann-150x150.jpg 150w, https:\/\/gruene-bad-sassendorf.de\/wp-content\/uploads\/2021\/05\/Mirko-Deichmann-768x768.jpg 768w, https:\/\/gruene-bad-sassendorf.de\/wp-content\/uploads\/2021\/05\/Mirko-Deichmann-1536x1536.jpg 1536w, https:\/\/gruene-bad-sassendorf.de\/wp-content\/uploads\/2021\/05\/Mirko-Deichmann.jpg 2000w\" sizes=\"auto, (max-width: 800px) 100vw, 800px\" \/><\/figure>\n\n\n\n<p>Ratsmitglied<\/p>\n\n\n\n<p><\/p>\n\n\n\n<p>Mitglied im\u00a0 Ausschuss f\u00fcr Ausschuss f\u00fcr Klima-, Umweltschutz und Landschaftspflege, Mitglied im Aufsichtsrat der Gemeindewerke Bad Sassendorf GmbH &amp; Co.KG<\/p>\n\n\n\n<p class=\"has-medium-font-size\">&#8222;Meine Partei ist wichtig f\u00fcr den Ort, weil\u2026&#8220;<\/p>\n\n\n\n<p>die Klimaerhitzung unsere Natur, unsere Gesundheit und unsere Wirtschaft gef\u00e4hrdet. Wir m\u00fcssen gemeinsam unseren Ort an die jetzt schon stattfindenden Auswirkungen der Klimakrise angepassen, indem wir den Schutz vor Hitze, \u00dcberschwemmungen und D\u00fcrre verbessern.<\/p>\n\n\n\n<p class=\"has-medium-font-size\">&#8222;In dieser Wahlperiode m\u00f6chte ich erreichen,\u2026&#8220;<\/p>\n\n\n\n<p>die Energiewende gemeinsam mit den B\u00fcrger*innen zu gestalten. Beratungsangebote f\u00fcr B\u00fcrger*innen f\u00f6rdern, damit sie von der Energiewende profitieren k\u00f6nnen. Au\u00dferdem mehr Verkehrsberuhigung.<\/p>\n\n\n\n<p><\/p>\n","protected":false},"excerpt":{"rendered":"<p>Ratsmitglied Mitglied im\u00a0 Ausschuss f\u00fcr Ausschuss f\u00fcr Klima-, Umweltschutz und Landschaftspflege, Mitglied im Aufsichtsrat der Gemeindewerke Bad Sassendorf GmbH &amp; Co.KG &#8222;Meine Partei ist wichtig f\u00fcr den Ort, weil\u2026&#8220; die&#8230; <\/p>\n","protected":false},"author":1,"featured_media":0,"parent":483,"menu_order":0,"comment_status":"closed","ping_status":"closed","template":"","meta":{"footnotes":""},"class_list":["post-196","page","type-page","status-publish","hentry"],"_links":{"self":[{"href":"https:\/\/gruene-bad-sassendorf.de\/index.php\/wp-json\/wp\/v2\/pages\/196","targetHints":{"allow":["GET"]}}],"collection":[{"href":"https:\/\/gruene-bad-sassendorf.de\/index.php\/wp-json\/wp\/v2\/pages"}],"about":[{"href":"https:\/\/gruene-bad-sassendorf.de\/index.php\/wp-json\/wp\/v2\/types\/page"}],"author":[{"embeddable":true,"href":"https:\/\/gruene-bad-sassendorf.de\/index.php\/wp-json\/wp\/v2\/users\/1"}],"replies":[{"embeddable":true,"href":"https:\/\/gruene-bad-sassendorf.de\/index.php\/wp-json\/wp\/v2\/comments?post=196"}],"version-history":[{"count":8,"href":"https:\/\/gruene-bad-sassendorf.de\/index.php\/wp-json\/wp\/v2\/pages\/196\/revisions"}],"predecessor-version":[{"id":777,"href":"https:\/\/gruene-bad-sassendorf.de\/index.php\/wp-json\/wp\/v2\/pages\/196\/revisions\/777"}],"up":[{"embeddable":true,"href":"https:\/\/gruene-bad-sassendorf.de\/index.php\/wp-json\/wp\/v2\/pages\/483"}],"wp:attachment":[{"href":"https:\/\/gruene-bad-sassendorf.de\/index.php\/wp-json\/wp\/v2\/media?parent=196"}],"curies":[{"name":"wp","href":"https:\/\/api.w.org\/{rel}","templated":true}]}}