{"id":198,"date":"2020-08-18T09:59:34","date_gmt":"2020-08-18T07:59:34","guid":{"rendered":"https:\/\/gruene-bad-sassendorf.de\/?page_id=198"},"modified":"2021-05-26T15:31:52","modified_gmt":"2021-05-26T13:31:52","slug":"carsten-rocholl","status":"publish","type":"page","link":"https:\/\/gruene-bad-sassendorf.de\/index.php\/ueber-uns\/ratsmitglieder-sachkundige-buergerinnen\/carsten-rocholl\/","title":{"rendered":"Carsten Rocholl"},"content":{"rendered":"\n<figure class=\"wp-block-image size-large\"><img loading=\"lazy\" decoding=\"async\" width=\"800\" height=\"1000\" src=\"https:\/\/gruene-bad-sassendorf.de\/wp-content\/uploads\/2021\/05\/WB-02-Carsten-Rocholl-1350-800x1000.jpg\" alt=\"\" class=\"wp-image-455\" srcset=\"https:\/\/gruene-bad-sassendorf.de\/wp-content\/uploads\/2021\/05\/WB-02-Carsten-Rocholl-1350-800x1000.jpg 800w, https:\/\/gruene-bad-sassendorf.de\/wp-content\/uploads\/2021\/05\/WB-02-Carsten-Rocholl-1350-400x500.jpg 400w, https:\/\/gruene-bad-sassendorf.de\/wp-content\/uploads\/2021\/05\/WB-02-Carsten-Rocholl-1350-768x960.jpg 768w, https:\/\/gruene-bad-sassendorf.de\/wp-content\/uploads\/2021\/05\/WB-02-Carsten-Rocholl-1350-120x150.jpg 120w, https:\/\/gruene-bad-sassendorf.de\/wp-content\/uploads\/2021\/05\/WB-02-Carsten-Rocholl-1350.jpg 1080w\" sizes=\"auto, (max-width: 800px) 100vw, 800px\" \/><\/figure>\n\n\n\n<p>Sachkundiger B\u00fcrger<\/p>\n\n\n\n<p class=\"has-medium-font-size\">&#8222;Meine Partei ist wichtig f\u00fcr den Ort, weil\u2026&#8220;<\/p>\n\n\n\n<p>wir Gr\u00fcnen all denen eine Stimme geben, die nicht uneingeschr\u00e4nkt der Entwicklung und den enormen Steuergeldausgaben f\u00fcr fragw\u00fcrdige Projekte in unserer Gemeinde zustimmen. Wir werden weiterhin konsequent wirksamen Klima-, Umwelt- und Artenschutz fordern.<\/p>\n\n\n\n<p class=\"has-medium-font-size\">&#8222;In dieser Wahlperiode m\u00f6chte ich erreichen,\u2026&#8220;<\/p>\n\n\n\n<p>die Einbindung in ein st\u00e4dtebauliches Gesamtkonzept, dass sich klar am Gemeinwohl orientiert. Nachhaltigkeit und klimaschonende Entwicklung m\u00fcssen mehr beachtet werden. Eine echte naturnahe Gestaltung der gesamten Rosenau und sonstiger Gew\u00e4sser w\u00e4ren ein Gewinn f\u00fcr unseren Ort.<\/p>\n","protected":false},"excerpt":{"rendered":"<p>Sachkundiger B\u00fcrger &#8222;Meine Partei ist wichtig f\u00fcr den Ort, weil\u2026&#8220; wir Gr\u00fcnen all denen eine Stimme geben, die nicht uneingeschr\u00e4nkt der Entwicklung und den enormen Steuergeldausgaben f\u00fcr fragw\u00fcrdige Projekte in&#8230; <\/p>\n","protected":false},"author":1,"featured_media":0,"parent":483,"menu_order":0,"comment_status":"closed","ping_status":"closed","template":"","meta":{"footnotes":""},"class_list":["post-198","page","type-page","status-publish","hentry"],"_links":{"self":[{"href":"https:\/\/gruene-bad-sassendorf.de\/index.php\/wp-json\/wp\/v2\/pages\/198","targetHints":{"allow":["GET"]}}],"collection":[{"href":"https:\/\/gruene-bad-sassendorf.de\/index.php\/wp-json\/wp\/v2\/pages"}],"about":[{"href":"https:\/\/gruene-bad-sassendorf.de\/index.php\/wp-json\/wp\/v2\/types\/page"}],"author":[{"embeddable":true,"href":"https:\/\/gruene-bad-sassendorf.de\/index.php\/wp-json\/wp\/v2\/users\/1"}],"replies":[{"embeddable":true,"href":"https:\/\/gruene-bad-sassendorf.de\/index.php\/wp-json\/wp\/v2\/comments?post=198"}],"version-history":[{"count":4,"href":"https:\/\/gruene-bad-sassendorf.de\/index.php\/wp-json\/wp\/v2\/pages\/198\/revisions"}],"predecessor-version":[{"id":457,"href":"https:\/\/gruene-bad-sassendorf.de\/index.php\/wp-json\/wp\/v2\/pages\/198\/revisions\/457"}],"up":[{"embeddable":true,"href":"https:\/\/gruene-bad-sassendorf.de\/index.php\/wp-json\/wp\/v2\/pages\/483"}],"wp:attachment":[{"href":"https:\/\/gruene-bad-sassendorf.de\/index.php\/wp-json\/wp\/v2\/media?parent=198"}],"curies":[{"name":"wp","href":"https:\/\/api.w.org\/{rel}","templated":true}]}}