{"id":208,"date":"2020-08-18T10:08:56","date_gmt":"2020-08-18T08:08:56","guid":{"rendered":"https:\/\/gruene-bad-sassendorf.de\/?page_id=208"},"modified":"2021-05-26T15:27:04","modified_gmt":"2021-05-26T13:27:04","slug":"tanja-deichmann","status":"publish","type":"page","link":"https:\/\/gruene-bad-sassendorf.de\/index.php\/ueber-uns\/ratsmitglieder-sachkundige-buergerinnen\/tanja-deichmann\/","title":{"rendered":"Tanja Deichmann"},"content":{"rendered":"\n<figure class=\"wp-block-image size-large\"><img loading=\"lazy\" decoding=\"async\" width=\"800\" height=\"1067\" src=\"https:\/\/gruene-bad-sassendorf.de\/wp-content\/uploads\/2021\/05\/Tanja-Deichmann-800x1067.jpg\" alt=\"\" class=\"wp-image-454\" srcset=\"https:\/\/gruene-bad-sassendorf.de\/wp-content\/uploads\/2021\/05\/Tanja-Deichmann-800x1067.jpg 800w, https:\/\/gruene-bad-sassendorf.de\/wp-content\/uploads\/2021\/05\/Tanja-Deichmann-400x533.jpg 400w, https:\/\/gruene-bad-sassendorf.de\/wp-content\/uploads\/2021\/05\/Tanja-Deichmann-768x1024.jpg 768w, https:\/\/gruene-bad-sassendorf.de\/wp-content\/uploads\/2021\/05\/Tanja-Deichmann-1152x1536.jpg 1152w, https:\/\/gruene-bad-sassendorf.de\/wp-content\/uploads\/2021\/05\/Tanja-Deichmann-1536x2048.jpg 1536w, https:\/\/gruene-bad-sassendorf.de\/wp-content\/uploads\/2021\/05\/Tanja-Deichmann-113x150.jpg 113w, https:\/\/gruene-bad-sassendorf.de\/wp-content\/uploads\/2021\/05\/Tanja-Deichmann-rotated.jpg 1732w\" sizes=\"auto, (max-width: 800px) 100vw, 800px\" \/><\/figure>\n\n\n\n<p>Ratsmitglied<\/p>\n\n\n\n<p>Vorsitzende der Fraktion B\u00dcNDNIS 90\/DIE GR\u00dcNEN im Rat der der Gemeinde Bad Sassendorf Mitglied im Haupt- und Finanzauschuss, Mitglied im Rechnungspr\u00fcfungsausschuss, Vorsitzende im Wahlpr\u00fcfungsausschuss, Mitglied der Gesellschafterversammlung Saline Bad Sassendorf GmbH Kreistagsmitglied<br>Mitglied im Ausschuss f\u00fcr Personal, Organisation und Effizienz (Kreis Soest), Mitglied im Rechnungspr\u00fcfungsausschuss (Kreis Soest), Mitglied im Aufsichtsrat der Wirtschaftsf\u00f6rderung Kreis Soest GmbH, Mitglied im Aufsichtsrat Westf\u00e4lisches Gesundheitszentrum Holding GmbH<\/p>\n\n\n\n<p class=\"has-medium-font-size\">&#8222;Meine Partei ist wichtig f\u00fcr den Ort, weil\u2026&#8220;<\/p>\n\n\n\n<p>mehr als nur 1,4 % des Haushaltes f\u00fcr Umwelt- und Artenschutz ausgegeben werden m\u00fcssen. Es muss mehr bezahlbarer Wohnraum ohne Fl\u00e4chenfra\u00df und Wildwuchs geschaffen werden. F\u00fcr eine gemeinwohlorientierte Wohnungspolitik muss die Entwicklung des Wohnungsangebots wieder st\u00e4rker in die eigene Hand genommen werden.<\/p>\n\n\n\n<p class=\"has-medium-font-size\">&#8222;In dieser Wahlperiode m\u00f6chte ich erreichen,\u2026&#8220;<\/p>\n\n\n\n<p>dass die Gr\u00fcnpflege im gesamten Ort verbessert und damit das Gesamtbild attraktiver wird. Die Wirtschaft, bei Umweltproblemen Teil der L\u00f6sung statt Teil des Problems wird. Das sich die Anwohner, auch im \u201eCamp\u201c als gleichwertige B\u00fcrger f\u00fchlen und sie genauso ernst genommen werden, wie der Rest in der Gemeinde.<\/p>\n","protected":false},"excerpt":{"rendered":"<p>Ratsmitglied Vorsitzende der Fraktion B\u00dcNDNIS 90\/DIE GR\u00dcNEN im Rat der der Gemeinde Bad Sassendorf Mitglied im Haupt- und Finanzauschuss, Mitglied im Rechnungspr\u00fcfungsausschuss, Vorsitzende im Wahlpr\u00fcfungsausschuss, Mitglied der Gesellschafterversammlung Saline Bad&#8230; <\/p>\n","protected":false},"author":1,"featured_media":0,"parent":483,"menu_order":0,"comment_status":"closed","ping_status":"closed","template":"","meta":{"footnotes":""},"class_list":["post-208","page","type-page","status-publish","hentry"],"_links":{"self":[{"href":"https:\/\/gruene-bad-sassendorf.de\/index.php\/wp-json\/wp\/v2\/pages\/208","targetHints":{"allow":["GET"]}}],"collection":[{"href":"https:\/\/gruene-bad-sassendorf.de\/index.php\/wp-json\/wp\/v2\/pages"}],"about":[{"href":"https:\/\/gruene-bad-sassendorf.de\/index.php\/wp-json\/wp\/v2\/types\/page"}],"author":[{"embeddable":true,"href":"https:\/\/gruene-bad-sassendorf.de\/index.php\/wp-json\/wp\/v2\/users\/1"}],"replies":[{"embeddable":true,"href":"https:\/\/gruene-bad-sassendorf.de\/index.php\/wp-json\/wp\/v2\/comments?post=208"}],"version-history":[{"count":4,"href":"https:\/\/gruene-bad-sassendorf.de\/index.php\/wp-json\/wp\/v2\/pages\/208\/revisions"}],"predecessor-version":[{"id":456,"href":"https:\/\/gruene-bad-sassendorf.de\/index.php\/wp-json\/wp\/v2\/pages\/208\/revisions\/456"}],"up":[{"embeddable":true,"href":"https:\/\/gruene-bad-sassendorf.de\/index.php\/wp-json\/wp\/v2\/pages\/483"}],"wp:attachment":[{"href":"https:\/\/gruene-bad-sassendorf.de\/index.php\/wp-json\/wp\/v2\/media?parent=208"}],"curies":[{"name":"wp","href":"https:\/\/api.w.org\/{rel}","templated":true}]}}