{"id":277,"date":"2020-09-02T20:27:12","date_gmt":"2020-09-02T18:27:12","guid":{"rendered":"https:\/\/gruene-bad-sassendorf.de\/?page_id=277"},"modified":"2021-05-25T12:44:24","modified_gmt":"2021-05-25T10:44:24","slug":"zukunftsweisendes-verkehrskonzept","status":"publish","type":"page","link":"https:\/\/gruene-bad-sassendorf.de\/index.php\/ueber-uns\/wahlprogramm\/zukunftsweisendes-verkehrskonzept\/","title":{"rendered":"Zukunftsweisendes Verkehrskonzept"},"content":{"rendered":"\n<p>Schutz der Fu\u00dfg\u00e4nger*innen vor deutlich zu schnell fahrenden motorisierten Verkehrsteilnehmer*innen. F\u00fcr den Ort soll ein faires Konzept erarbeitet werden, f\u00fcr ein faires Miteinander und gegenseitige R\u00fccksichtnahme von Fu\u00dfg\u00e4nger*innen und Radfahrer*innen.<\/p>\n\n\n\n<p>Zur Sicherheit der Fahrradfahrer*innen innerorts \u2013 wo m\u00f6glich ebenfalls in den Ortsteilen &#8211; generell 30 km\/h-Zonen, die ein-deutig und deutlich beschildert sind. Fahrrad-Wanderwegenetz einrichten.<\/p>\n\n\n\n<p>Stra\u00dfenraumgestaltung entsprechend des 30 km Gebots zur Reduzierung von CO2, L\u00e4rm- und Feinstaubemissionen. Ein \u201eMuss\u201c f\u00fcr einen Kurort um Lebensqualit\u00e4t und Umwelt zu erhalten.<\/p>\n\n\n\n<p>Es soll m\u00f6glich sein, im Hauptort viele Wege sicher und angenehm zu Fu\u00df bzw. mit dem Fahrrad zu erledigen. Alle Ortsteile brauchen eine nachhaltige Anbindung an den Zentralort.<\/p>\n","protected":false},"excerpt":{"rendered":"<p>Schutz der Fu\u00dfg\u00e4nger*innen vor deutlich zu schnell fahrenden motorisierten Verkehrsteilnehmer*innen. F\u00fcr den Ort soll ein faires Konzept erarbeitet werden, f\u00fcr ein faires Miteinander und gegenseitige R\u00fccksichtnahme von Fu\u00dfg\u00e4nger*innen und Radfahrer*innen&#8230;. <\/p>\n","protected":false},"author":1,"featured_media":0,"parent":503,"menu_order":0,"comment_status":"closed","ping_status":"closed","template":"","meta":{"footnotes":""},"class_list":["post-277","page","type-page","status-publish","hentry"],"_links":{"self":[{"href":"https:\/\/gruene-bad-sassendorf.de\/index.php\/wp-json\/wp\/v2\/pages\/277","targetHints":{"allow":["GET"]}}],"collection":[{"href":"https:\/\/gruene-bad-sassendorf.de\/index.php\/wp-json\/wp\/v2\/pages"}],"about":[{"href":"https:\/\/gruene-bad-sassendorf.de\/index.php\/wp-json\/wp\/v2\/types\/page"}],"author":[{"embeddable":true,"href":"https:\/\/gruene-bad-sassendorf.de\/index.php\/wp-json\/wp\/v2\/users\/1"}],"replies":[{"embeddable":true,"href":"https:\/\/gruene-bad-sassendorf.de\/index.php\/wp-json\/wp\/v2\/comments?post=277"}],"version-history":[{"count":1,"href":"https:\/\/gruene-bad-sassendorf.de\/index.php\/wp-json\/wp\/v2\/pages\/277\/revisions"}],"predecessor-version":[{"id":278,"href":"https:\/\/gruene-bad-sassendorf.de\/index.php\/wp-json\/wp\/v2\/pages\/277\/revisions\/278"}],"up":[{"embeddable":true,"href":"https:\/\/gruene-bad-sassendorf.de\/index.php\/wp-json\/wp\/v2\/pages\/503"}],"wp:attachment":[{"href":"https:\/\/gruene-bad-sassendorf.de\/index.php\/wp-json\/wp\/v2\/media?parent=277"}],"curies":[{"name":"wp","href":"https:\/\/api.w.org\/{rel}","templated":true}]}}

<p>Schutz der Fußgänger*innen vor deutlich zu schnell fahrenden motorisierten Verkehrsteilnehmer*innen. Für den Ort soll ein faires Konzept erarbeitet werden, für ein faires Miteinander und gegenseitige Rücksichtnahme von Fußgänger*innen und Radfahrer*innen.</p>



<p>Zur Sicherheit der Fahrradfahrer*innen innerorts – wo möglich ebenfalls in den Ortsteilen &#8211; generell 30 km/h-Zonen, die ein-deutig und deutlich beschildert sind. Fahrrad-Wanderwegenetz einrichten.</p>



<p>Straßenraumgestaltung entsprechend des 30 km Gebots zur Reduzierung von CO2, Lärm- und Feinstaubemissionen. Ein „Muss“ für einen Kurort um Lebensqualität und Umwelt zu erhalten.</p>



<p>Es soll möglich sein, im Hauptort viele Wege sicher und angenehm zu Fuß bzw. mit dem Fahrrad zu erledigen. Alle Ortsteile brauchen eine nachhaltige Anbindung an den Zentralort.</p>

<p>Schutz der Fußgänger*innen vor deutlich zu schnell fahrenden motorisierten Verkehrsteilnehmer*innen. Für den Ort soll ein faires Konzept erarbeitet werden, für ein faires Miteinander und gegenseitige Rücksichtnahme von Fußgänger*innen und Radfahrer*innen&#8230;. </p>
