{"id":293,"date":"2020-09-02T20:38:37","date_gmt":"2020-09-02T18:38:37","guid":{"rendered":"https:\/\/gruene-bad-sassendorf.de\/?page_id=293"},"modified":"2021-05-25T12:45:45","modified_gmt":"2021-05-25T10:45:45","slug":"buergernaehe-jung-und-alt-2","status":"publish","type":"page","link":"https:\/\/gruene-bad-sassendorf.de\/index.php\/ueber-uns\/wahlprogramm\/buergernaehe-jung-und-alt-2\/","title":{"rendered":"B\u00fcrgern\u00e4he-Jung und Alt"},"content":{"rendered":"\n<p>Die Aufgabe der Politik in Bad Sassendorf ist es, sicher zu stellen, dass sowohl j\u00fcngere als auch \u00e4ltere Menschen am gesellschaftlichen Leben teilhaben k\u00f6nnen. Dabei haben beide Gruppen unterschiedliche Bed\u00fcrfnisse.<\/p>\n\n\n\n<p>Das wichtigste Ziel f\u00fcr die \u00e4lteren Menschen ist es, m\u00f6glichst lange ein gutes selbstbestimmtes Leben f\u00fchren zu k\u00f6nnen. Damit sie m\u00f6glichst lange in ihren eigenen vier W\u00e4nden wohnen k\u00f6nnen, braucht es nahe Einkaufsm\u00f6glichkeiten (auch in den d\u00f6rflichen Ortsteilen) mit sicher ausgebauten Wegen z.B. durch Zebrastreifen. Regelm\u00e4\u00dfig aufgebaute B\u00e4nke, die durchaus vorhanden sind und ungenutzt im Winziger-Rhode-Park lagern, sind sinnvoll. Es gibt F\u00f6rderprogramme vom MAGS NRW mit dem Ziel, Angebote zu schaffen, die der Vereinsamung \u00e4lterer Menschen vorbeugen helfen und der Erhaltung ihrer Gesundheit und Mobilit\u00e4t dienen. Diese F\u00f6rderprogramme muss die Kommune abrufen und nutzen. Die Realisierung solcher Angebote ist wiederum nicht m\u00f6glich ohne die Arbeit j\u00fcngerer Generationen.<\/p>\n\n\n\n<p>Damit Jugendliche dem Ort treu bleiben, muss es neben Arbeitspl\u00e4tzen auch f\u00fcr sie attraktive Freizeitangebote vor Ort geben. Daf\u00fcr sind Treffpunkte von zentraler Bedeutung. Jugendliche brauchen Gelegenheiten und R\u00e4ume, in denen sie in Eigeninitiative ihre Projekte und Vorstellungen verwirklichen k\u00f6nnen. W\u00fcnschenswert w\u00e4re auch die Versorgung mit fl\u00e4chendeckendem und schnellem Internet. Es m\u00fcssen M\u00f6glichkeiten und Anreize f\u00fcr das notwendige politische und gesellschaftliche Engagement geschaffen werden, zum Beispiel in Form von Jugendparlamenten und Jugendforen.<\/p>\n\n\n\n<p>Au\u00dferdem nehmen wir die Integration von Migrantinnen und Migranten in unserer Gemeinde in den Blick. Viele Beispiele gelingender Integration belegen die Bedeutung einer dezentralen Unterbringung. Hier besteht Handlungsbedarf.<\/p>\n","protected":false},"excerpt":{"rendered":"<p>Die Aufgabe der Politik in Bad Sassendorf ist es, sicher zu stellen, dass sowohl j\u00fcngere als auch \u00e4ltere Menschen am gesellschaftlichen Leben teilhaben k\u00f6nnen. Dabei haben beide Gruppen unterschiedliche Bed\u00fcrfnisse&#8230;. <\/p>\n","protected":false},"author":1,"featured_media":0,"parent":503,"menu_order":0,"comment_status":"closed","ping_status":"closed","template":"","meta":{"footnotes":""},"class_list":["post-293","page","type-page","status-publish","hentry"],"_links":{"self":[{"href":"https:\/\/gruene-bad-sassendorf.de\/index.php\/wp-json\/wp\/v2\/pages\/293","targetHints":{"allow":["GET"]}}],"collection":[{"href":"https:\/\/gruene-bad-sassendorf.de\/index.php\/wp-json\/wp\/v2\/pages"}],"about":[{"href":"https:\/\/gruene-bad-sassendorf.de\/index.php\/wp-json\/wp\/v2\/types\/page"}],"author":[{"embeddable":true,"href":"https:\/\/gruene-bad-sassendorf.de\/index.php\/wp-json\/wp\/v2\/users\/1"}],"replies":[{"embeddable":true,"href":"https:\/\/gruene-bad-sassendorf.de\/index.php\/wp-json\/wp\/v2\/comments?post=293"}],"version-history":[{"count":1,"href":"https:\/\/gruene-bad-sassendorf.de\/index.php\/wp-json\/wp\/v2\/pages\/293\/revisions"}],"predecessor-version":[{"id":294,"href":"https:\/\/gruene-bad-sassendorf.de\/index.php\/wp-json\/wp\/v2\/pages\/293\/revisions\/294"}],"up":[{"embeddable":true,"href":"https:\/\/gruene-bad-sassendorf.de\/index.php\/wp-json\/wp\/v2\/pages\/503"}],"wp:attachment":[{"href":"https:\/\/gruene-bad-sassendorf.de\/index.php\/wp-json\/wp\/v2\/media?parent=293"}],"curies":[{"name":"wp","href":"https:\/\/api.w.org\/{rel}","templated":true}]}}