{"id":513,"date":"2021-05-25T12:11:33","date_gmt":"2021-05-25T10:11:33","guid":{"rendered":"https:\/\/gruene-bad-sassendorf.de\/?page_id=513"},"modified":"2021-05-27T15:44:29","modified_gmt":"2021-05-27T13:44:29","slug":"2020-2","status":"publish","type":"page","link":"https:\/\/gruene-bad-sassendorf.de\/index.php\/das-gruene-blaettchen\/2020-2\/","title":{"rendered":"2020"},"content":{"rendered":"\n<p>\u2013 Gr\u00fcne feiern Wahlergebnis (13. September 2020)<br><em><a class=\"fancybox\" rel=\"gallery513\" href=\"https:\/\/gruene-bad-sassendorf.de\/wp-content\/uploads\/2021\/05\/Soester-Anzeiger-2020-09-13.jpg\">Soester Anzeiger 2020-09-13<\/a><\/em><\/p>\n\n\n\n<p>Gr\u00fcne Position zu Fragen des Soester Anzeigers (07. September 2020)<br><em>Gr\u00fcne-Anzeiger Fragen 2020-09-07<\/em> <a class=\"fancybox\" rel=\"gallery513\" href=\"https:\/\/gruene-bad-sassendorf.de\/wp-content\/uploads\/2021\/05\/Soester-Anzeiger-2020-09-07_Seite_1.jpg\">Seite 1<\/a> <a class=\"fancybox\" rel=\"gallery513\" href=\"https:\/\/gruene-bad-sassendorf.de\/wp-content\/uploads\/2021\/05\/Soester-Anzeiger-2020-09-07_Seite_2.jpg\">Seite 2<\/a><\/p>\n","protected":false},"excerpt":{"rendered":"<p>\u2013 Gr\u00fcne feiern Wahlergebnis (13. September 2020)Soester Anzeiger 2020-09-13 Gr\u00fcne Position zu Fragen des Soester Anzeigers (07. September 2020)Gr\u00fcne-Anzeiger Fragen 2020-09-07 Seite 1 Seite 2<\/p>\n","protected":false},"author":3,"featured_media":0,"parent":327,"menu_order":0,"comment_status":"closed","ping_status":"closed","template":"","meta":{"footnotes":""},"class_list":["post-513","page","type-page","status-publish","hentry"],"_links":{"self":[{"href":"https:\/\/gruene-bad-sassendorf.de\/index.php\/wp-json\/wp\/v2\/pages\/513","targetHints":{"allow":["GET"]}}],"collection":[{"href":"https:\/\/gruene-bad-sassendorf.de\/index.php\/wp-json\/wp\/v2\/pages"}],"about":[{"href":"https:\/\/gruene-bad-sassendorf.de\/index.php\/wp-json\/wp\/v2\/types\/page"}],"author":[{"embeddable":true,"href":"https:\/\/gruene-bad-sassendorf.de\/index.php\/wp-json\/wp\/v2\/users\/3"}],"replies":[{"embeddable":true,"href":"https:\/\/gruene-bad-sassendorf.de\/index.php\/wp-json\/wp\/v2\/comments?post=513"}],"version-history":[{"count":4,"href":"https:\/\/gruene-bad-sassendorf.de\/index.php\/wp-json\/wp\/v2\/pages\/513\/revisions"}],"predecessor-version":[{"id":592,"href":"https:\/\/gruene-bad-sassendorf.de\/index.php\/wp-json\/wp\/v2\/pages\/513\/revisions\/592"}],"up":[{"embeddable":true,"href":"https:\/\/gruene-bad-sassendorf.de\/index.php\/wp-json\/wp\/v2\/pages\/327"}],"wp:attachment":[{"href":"https:\/\/gruene-bad-sassendorf.de\/index.php\/wp-json\/wp\/v2\/media?parent=513"}],"curies":[{"name":"wp","href":"https:\/\/api.w.org\/{rel}","templated":true}]}}

<p>– Grüne feiern Wahlergebnis (13. September 2020)<br><em><a class="fancybox" rel="gallery513" href="https://gruene-bad-sassendorf.de/wp-content/uploads/2021/05/Soester-Anzeiger-2020-09-13.jpg">Soester Anzeiger 2020-09-13</a></em></p>



<p>Grüne Position zu Fragen des Soester Anzeigers (07. September 2020)<br><em>Grüne-Anzeiger Fragen 2020-09-07</em> <a class="fancybox" rel="gallery513" href="https://gruene-bad-sassendorf.de/wp-content/uploads/2021/05/Soester-Anzeiger-2020-09-07_Seite_1.jpg">Seite 1</a> <a class="fancybox" rel="gallery513" href="https://gruene-bad-sassendorf.de/wp-content/uploads/2021/05/Soester-Anzeiger-2020-09-07_Seite_2.jpg">Seite 2</a></p>

<p>– Grüne feiern Wahlergebnis (13. September 2020)Soester Anzeiger 2020-09-13 Grüne Position zu Fragen des Soester Anzeigers (07. September 2020)Grüne-Anzeiger Fragen 2020-09-07 Seite 1 Seite 2</p>
