{"id":880,"date":"2024-03-16T09:09:47","date_gmt":"2024-03-16T08:09:47","guid":{"rendered":"https:\/\/gruene-bad-sassendorf.de\/?page_id=880"},"modified":"2024-03-16T09:09:59","modified_gmt":"2024-03-16T08:09:59","slug":"linea-avermiddig","status":"publish","type":"page","link":"https:\/\/gruene-bad-sassendorf.de\/index.php\/ueber-uns\/ratsmitglieder-sachkundige-buergerinnen\/linea-avermiddig\/","title":{"rendered":"Linea Avermiddig"},"content":{"rendered":"\n<figure class=\"wp-block-image size-large\"><img loading=\"lazy\" decoding=\"async\" width=\"800\" height=\"800\" src=\"https:\/\/gruene-bad-sassendorf.de\/wp-content\/uploads\/2024\/03\/Linea-Avermiddig-1-1-800x800.jpg\" alt=\"\" class=\"wp-image-884\" srcset=\"https:\/\/gruene-bad-sassendorf.de\/wp-content\/uploads\/2024\/03\/Linea-Avermiddig-1-1-800x800.jpg 800w, https:\/\/gruene-bad-sassendorf.de\/wp-content\/uploads\/2024\/03\/Linea-Avermiddig-1-1-400x400.jpg 400w, https:\/\/gruene-bad-sassendorf.de\/wp-content\/uploads\/2024\/03\/Linea-Avermiddig-1-1-150x150.jpg 150w, https:\/\/gruene-bad-sassendorf.de\/wp-content\/uploads\/2024\/03\/Linea-Avermiddig-1-1-768x768.jpg 768w, https:\/\/gruene-bad-sassendorf.de\/wp-content\/uploads\/2024\/03\/Linea-Avermiddig-1-1-1536x1536.jpg 1536w, https:\/\/gruene-bad-sassendorf.de\/wp-content\/uploads\/2024\/03\/Linea-Avermiddig-1-1.jpg 1772w\" sizes=\"auto, (max-width: 800px) 100vw, 800px\" \/><\/figure>\n\n\n\n<p>Sachkundige B\u00fcrgerin<\/p>\n\n\n\n<p><strong>\u201eMeine Partei ist wichtig f\u00fcr den Ort, weil\u2026\u201c<\/strong><\/p>\n\n\n\n<p>ein sinnvoller \u00d6PNV im Ort wie auch auf den D\u00f6rfern absolut unabdingbar ist und es Zeit f\u00fcr ein Radverkehrskonzept ist. Und weil bei allen noch so guten Idee, die Natur nicht aufs Abstellgleis geschoben werden darf.<\/p>\n\n\n\n<p><strong>&#8222;In dieser Wahlperiode m\u00f6chte ich erreichen,<\/strong>&#8230;&#8220;<\/p>\n\n\n\n<p>dass bei Themen wie \u00d6PNV und Radverkehr die Perspektive der eigentlichen Nutzer nicht untergeht.<\/p>\n\n\n\n<p>Frau Avermiddig ist Sachkundige B\u00fcrgerin im Ausschuss f\u00fcr Generationen, Soziales, Schule und Sport, Sachkundige B\u00fcrgerin im Ausschuss f\u00fcr Wirtschaftsf\u00f6rderung, Digitalisierung, Tourismus und Kultur<\/p>\n","protected":false},"excerpt":{"rendered":"<p>Sachkundige B\u00fcrgerin \u201eMeine Partei ist wichtig f\u00fcr den Ort, weil\u2026\u201c ein sinnvoller \u00d6PNV im Ort wie auch auf den D\u00f6rfern absolut unabdingbar ist und es Zeit f\u00fcr ein Radverkehrskonzept ist&#8230;. <\/p>\n","protected":false},"author":3,"featured_media":0,"parent":483,"menu_order":0,"comment_status":"closed","ping_status":"closed","template":"","meta":{"footnotes":""},"class_list":["post-880","page","type-page","status-publish","hentry"],"_links":{"self":[{"href":"https:\/\/gruene-bad-sassendorf.de\/index.php\/wp-json\/wp\/v2\/pages\/880","targetHints":{"allow":["GET"]}}],"collection":[{"href":"https:\/\/gruene-bad-sassendorf.de\/index.php\/wp-json\/wp\/v2\/pages"}],"about":[{"href":"https:\/\/gruene-bad-sassendorf.de\/index.php\/wp-json\/wp\/v2\/types\/page"}],"author":[{"embeddable":true,"href":"https:\/\/gruene-bad-sassendorf.de\/index.php\/wp-json\/wp\/v2\/users\/3"}],"replies":[{"embeddable":true,"href":"https:\/\/gruene-bad-sassendorf.de\/index.php\/wp-json\/wp\/v2\/comments?post=880"}],"version-history":[{"count":4,"href":"https:\/\/gruene-bad-sassendorf.de\/index.php\/wp-json\/wp\/v2\/pages\/880\/revisions"}],"predecessor-version":[{"id":887,"href":"https:\/\/gruene-bad-sassendorf.de\/index.php\/wp-json\/wp\/v2\/pages\/880\/revisions\/887"}],"up":[{"embeddable":true,"href":"https:\/\/gruene-bad-sassendorf.de\/index.php\/wp-json\/wp\/v2\/pages\/483"}],"wp:attachment":[{"href":"https:\/\/gruene-bad-sassendorf.de\/index.php\/wp-json\/wp\/v2\/media?parent=880"}],"curies":[{"name":"wp","href":"https:\/\/api.w.org\/{rel}","templated":true}]}}